hat is the units digit of 20/5*d + 4/(-2)?
0
Let x(t) = -4*t**2 + t**2 + 4*t**2 - t**3 + 19*t**2 + 8. Let q be x(20). Let w = q + 141. What is the tens digit of w?
4
Let a = -1886 + 1085. Let r = a + 1484. What is the tens digit of r?
8
Let d(b) = -10*b**3 - 3 + 20*b**3 + 12*b**2 - 11*b**3 + 15*b**2. Let i be d(27). What is the hundreds digit of (1 + -20)*((-4 - i) + -6)?
1
Let o be ((-31)/(-93))/((-2)/6). What is the tens digit of (-41688)/(-135)*((-14)/(-4) + o)?
7
Suppose -5*q + 5 = 40. Let k be -4 + q/((-21)/54). What is the units digit of (-46)/(-161) - (-1102)/k?
9
Suppose 50*h = 45*h + 12390. Suppose 17*t - 13*t - h = f, 1248 = 2*t - 5*f. What is the hundreds digit of t?
6
Let w = 41276 - 25997. What is the units digit of w?
9
Let l = -22 - -21. Let b be (-10)/(-6) + l + 7976/6. Suppose 4*w = -3*w + b. What is the tens digit of w?
9
Suppose 0 = 3*a - 24 + 33. Let i(h) = h - 1. Let o(c) = 8*c. Let z(t) = a*i(t) + o(t). What is the units digit of z(5)?
8
Let n = 7135 - 2501. What is the tens digit of n?
3
Let i(d) = 7*d**2 + 5*d - 3. Let l be i(-4). Let h(w) = -12*w + 324. Let v be h(27). Suppose -q + l = -v*q. What is the tens digit of q?
8
Suppose -69*f = 5063 + 4597. Let v = f + 211. What is the units digit of v?
1
What is the thousands digit of 15/40 + 973725/200 + (1 - 0)?
4
What is the thousands digit of ((-180)/(-720))/((-140753)/(-70376) - 2)?
7
Let u = 11629 + -3465. What is the units digit of u?
4
Let p(y) = 4*y**2 + 4*y - 25. Suppose -5*q = 5*i + 65, 3*q + 5 = i + 2. What is the hundreds digit of p(i)?
2
Suppose -6974 = 6*l - 7*l - 3*b, 4*b = -4*l + 27896. What is the units digit of l?
4
Let w(d) = -22*d - 4 - 25*d + 9*d + d. Let k be w(-7). Suppose k + 83 = 2*c. What is the hundreds digit of c?
1
Suppose 0*d + 5*d - 2 = 2*y, -5*d + 6 = -y. Let a be (-426)/y*32/(-48). Let r = a + -7. What is the tens digit of r?
6
Suppose -v = -2*n + 3*n - 1931, -5*n = -4*v + 7742. Let d = -1301 + v. What is the tens digit of d?
3
Suppose 1663 = g - w - 397, 5*g + w - 10282 = 0. What is the units digit of g?
7
Suppose 0 = 2*r + 24 + 6. Let y be 8*(-4)/((-40)/r). What is the tens digit of 86 + y/(-2)*5/(-15)?
8
Let m be (-685)/(-3) - 3/9. Suppose 27*i = -43*i + 770. Suppose -14*s = -i*s - m. What is the tens digit of s?
7
Let g = -4418 - -4971. What is the units digit of g?
3
Let y(b) = -b**3 + 37*b**2 - 101*b - 27. Let s be y(27). Suppose -8*g + 7*g - d + 1134 = 0, 4*g + 3*d = s. What is the hundreds digit of g?
1
Let b be (-2)/(((-3)/27)/(-1)). Let n = b - -24. What is the tens digit of ((-252)/(-30))/(n/80)?
1
Suppose -10*a + 4*a + 72 = 0. Suppose 5*o + 6 + 16 = 3*c, 2*o - a = -4*c. Suppose -c*v + 808 = 3*b, -5*b = -2*v - 2*v - 1368. What is the units digit of b?
2
Suppose -202*b + 199*b = -t + 2993, 2*b = -5*t + 14846. What is the units digit of t?
2
Let p(x) = 50*x - 10. Let t be p(1). Suppose -t*n - 1120 = -44*n. What is the units digit of n?
0
Suppose 2*q = t + 21298, -53604 = -7*q + 4*t + 20941. What is the tens digit of q?
4
Suppose -3*x - 5*m + 162778 = 0, -89*x = -93*x - 3*m + 217041. What is the thousands digit of x?
4
Let c(s) = 470*s + 645. What is the units digit of c(9)?
5
Let r = -35378 - -98781. What is the units digit of r?
3
Let i(r) = -6*r + 110. Let a be i(9). Suppose 0 = -3*o + 287 - a. What is the units digit of o?
7
Let q(k) be the second derivative of 19*k**4/12 + 3*k**3/2 - 5*k**2/2 + 34*k - 2. What is the units digit of q(-5)?
5
Suppose -3*b + 3*d + 27 = 0, -3*b - 4*d + 46 = -2. Suppose b*l = 4*l. Suppose 3*k = -5*z + 228, l = -3*k - 2*z + 167 + 70. What is the tens digit of k?
8
Let f(n) = 14*n**2 - 5*n - 5. Let t be f(4). Suppose 0 = m - t - 142. What is the tens digit of m?
4
Suppose -300 = -5*t - 2*w, 86*w = 81*w + 25. Let r = -9 + 23. Let b = t - r. What is the units digit of b?
4
Let v(h) = 269*h - 41*h - 39 + 109*h + 38. What is the units digit of v(1)?
6
Suppose -13027460 + 904991 = -311*p. What is the tens digit of p?
7
Suppose 0 = 5*f + 886 - 5986. Suppose 7*b - f = b. What is the hundreds digit of b?
1
Let f(n) = -n**3 + 16*n**2 - 54*n + 182. What is the hundreds digit of f(11)?
1
Suppose 0 = -2*z + 6, 6*w - 264 = 2*w - 4*z. Suppose -2*t + t = -w. What is the units digit of t?
3
Let i = 1 - -4. Suppose 355 = m + 163. Suppose 3*g = -i*s + 174, g - 4*g + s + m = 0. What is the units digit of g?
3
Suppose 11860*r - 689868 = 11842*r. What is the hundreds digit of r?
3
Let k = -24686 - -46150. What is the units digit of k?
4
Let v(a) = -35304*a**3 + 17*a**2 + 23*a + 7. What is the hundreds digit of v(-1)?
3
Let b(u) = -10*u - 31. Let o be b(-4). What is the tens digit of (o - 8)/((-3)/1059)*-1?
5
Let z = 269 + -264. Suppose 2*i + 2709 = z*i. What is the units digit of i?
3
Suppose -14*k + 17*k + 17*k = 524000. What is the ten thousands digit of k?
2
Let o(n) = -7*n**3 + 6*n**2 + 9*n - 12. Let u(i) = -20*i**3 + 17*i**2 + 27*i - 35. Let y(z) = -17*o(z) + 6*u(z). What is the hundreds digit of y(-6)?
1
Let k be ((-66345)/(-25) - -4) + (-1)/(-5). Let y = -1418 + k. What is the hundreds digit of y?
2
Suppose -5*u + 445 + 1425 = 0. Suppose -2*t - r + 3*r + u = 0, 0 = 2*t - 5*r - 371. What is the units digit of t?
8
Let q(p) = 172*p + 39. Let k be q(4). Let t = -291 + k. What is the hundreds digit of t?
4
Let s(h) = h**3 + 19*h**2 + 12*h - 22. Let x = 42 + -59. What is the units digit of s(x)?
2
Let g(c) = 9 + 14 - 33 + 5*c**2 + 9 + 56*c. What is the tens digit of g(-14)?
9
Let f(t) = -t - 3. Let u(z) = z + 4. Let m(n) = 5*f(n) + 4*u(n). Let p be m(-3). Suppose -p*d - 371 = -11*d. What is the units digit of d?
3
Let w be -1713*(70/15 + -5). Let l = w + -317. What is the hundreds digit of l?
2
Let x(n) = -12*n - 11. Let q be x(-1). Let v be (q - 5)*185/(-10). Suppose r + 0*r = v. What is the tens digit of r?
7
Suppose -26 + 22 = -2*x. Suppose -5*w - 3*a = -520, -w + x*a + a + 86 = 0. Suppose 0 = 7*y - w - 200. What is the units digit of y?
3
Let s(w) be the second derivative of -w**3/2 - 5*w**2 + 16*w. Let i be s(-5). Suppose 0 = i*k - 7*k + 92. What is the units digit of k?
6
Let q = -1319 - -11711. What is the units digit of q?
2
Let i(u) be the first derivative of -2*u**2 + 24*u - 13. Let y be i(10). What is the tens digit of -2 - (4 + -8 + y)?
1
Suppose 2*b + 3*z = -1128 + 77, 3*b + 4*z + 1579 = 0. What is the hundreds digit of (b/82 - -2*3)*-2878?
4
Suppose 3*a = -22*k + 24*k - 46880, -3*k - 4*a + 70337 = 0. What is the thousands digit of k?
3
Let s(q) = 119*q**2 + 55*q - 134. What is the hundreds digit of s(-12)?
3
Let t = -21220 - -27765. What is the units digit of t?
5
Let p = 49 - 50. Let g be (119 - p)/(1/14). Suppose -7*t = 5*t - g. What is the tens digit of t?
4
Let a be (804/67)/(6/4). What is the units digit of (-1)/(a/(-3976)) - (2 + -6)?
1
Let u(a) = -85*a + 28. Let b be u(4). Let p = 34 - b. What is the units digit of p?
6
Let h(i) = -109*i - 48. Let s(f) = 55*f + 24. Let q(j) = 2*h(j) + 5*s(j). What is the units digit of q(7)?
3
Suppose -111*o - 37*o + 1736784 = -22*o. What is the hundreds digit of o?
7
Suppose -8041 = -119*u + 76*u. What is the units digit of u?
7
Suppose 2*c + 19*g = 14*g + 27, c - 9 = -g. What is the units digit of 57904/44 + c + -1*2?
0
Let q = -38 + 53. Suppose -2*y = -q + 7. Suppose -2*b + 3 = h - y, -b = 5*h - 17. What is the units digit of b?
2
Let u(t) = -4*t + 35. Let z be u(6). Suppose -5*p + 2*a + 1565 = 0, -14*a + 1252 = 4*p - z*a. What is the tens digit of p?
1
Suppose -105*v - 105*v - 5816 = -214*v. What is the hundreds digit of v?
4
Let d = 206 - 202. Suppose 252 = d*w + c - 477, 906 = 5*w + 3*c. What is the units digit of w?
3
Let d = 5055 + -1373. What is the thousands digit of d?
3
Let s be (8 - 3)/(5/2). Suppose -s*t = -12 + 8. Suppose t*z + 4*z - 648 = 0. What is the tens digit of z?
0
Let w(x) = -68*x - 141. Suppose 0 = -4*d + 11 - 31, 5*q + 45 = 3*d. What is the units digit of w(q)?
5
What is the tens digit of (24192/1440)/((-2)/(-110))?
2
Suppose -5*m = -12525 + 1840. Let j = m + -1189. What is the tens digit of j?
4
Let t(k) = k**3 + 14*k**2 + 27*k + 22. Let q be t(-12). Let h = 24 + q. What is the units digit of -2 + h/4 - (-1114)/4?
9
Let m(u) = 1168*u**2 - 653*u - 2590. What is the ten thousands digit of m(-4)?
1
Let k(c) = -c**2 + 9*c + 20. Let t be k(9